ose 0 = 5*u + 9 - 49. What is the greatest common factor of s and u?
4
Suppose -2111 + 102 = -7*b. Calculate the highest common factor of 7 and b.
7
Let d = 40 - 30. Suppose d = 5*x, 2*x = z - 2*x - 20. Calculate the greatest common factor of z and 42.
14
Suppose 5*d - 1380 = -5*r, 0 = -4*r - 2*d + 455 + 647. What is the highest common factor of 25 and r?
25
Suppose 0*i = 5*o - i - 14, 0 = -i - 4. Let f be (o - 1)*-1 + -2 + 28. Calculate the greatest common divisor of 125 and f.
25
Suppose 34*n - 74 = 36*n. Let d = 13 - n. What is the highest common factor of d and 10?
10
Suppose -u - 8 = -2*v, 3*v + 26 = -3*u + 8*v. Let f be 86/6 - (-4)/u. Calculate the greatest common divisor of f and 56.
14
Let h be (6/2)/((-1)/(-35)). Let z be (-100)/(-40)*(-16)/(-10). Suppose -z*r = -3 - 81. Calculate the highest common divisor of r and h.
21
Let r(n) = -n**3 - 18*n**2 - 37*n - 40. Let z be r(-17). Calculate the greatest common factor of z and 48.
12
Let h = 102 + -84. What is the highest common divisor of h and 9?
9
Suppose -5*i + 4*r + 183 = 0, 0 = -5*i - 0*i + 5*r + 185. Suppose 0 = 3*k + y - 61, -3*k + i + 30 = 5*y. What is the highest common factor of 10 and k?
10
Let s be -1 + -1 - (-246)/3. What is the highest common factor of s and 920?
40
Let f be 15/(-6)*2 - -20. What is the highest common divisor of 35 and f?
5
Suppose z + 17 = -3*b - 17, -4*b = 2*z + 70. Let n(k) = k**3 + 4*k**2 + k + 7. Let c be n(-5). Let s = c - z. What is the highest common factor of 2 and s?
2
Suppose 5*q + 3*a - 31 = 0, 1 + 6 = 2*q + 3*a. Let g be 4/(-3)*((-62 - 6) + 2). What is the highest common divisor of g and q?
8
Let z be 1 - (1 - 1) - -35. Let h be ((-44)/(-12) - 1)*(-9 - -18). What is the greatest common factor of z and h?
12
Let z be (1/(-3))/(1*(-2)/312). Calculate the highest common factor of z and 104.
52
Let h be (72 - 42/(-6)) + -8. Calculate the highest common factor of h and 284.
71
Let z be ((-100)/(-30))/(6/36). Calculate the highest common divisor of z and 25.
5
Let i(r) = -r**3 + 7*r**2 - r - 17. Let v be i(7). Let a = 58 + v. Calculate the highest common factor of 340 and a.
34
Let q = -918 - -933. Let k = -14 - 2. Let h = -11 - k. What is the highest common factor of h and q?
5
Let o be 124/(-6)*(-12)/8. Suppose m - 39 = o. Calculate the greatest common divisor of 14 and m.
14
Let f(n) = -n**2 + 54*n - 685. Let x be f(31). Suppose h - 12 = -2*h. What is the highest common factor of h and x?
4
Suppose 0 = z - g + 1, 1 = -3*z + 4*g - 7. Suppose -7 = -t + 5*c, t - 3*t + z*c + 44 = 0. What is the greatest common factor of t and 16?
16
Let s(c) = c**3 + 10*c**2 + 3*c - 5. Let g be s(-5). Suppose -4*d - 2*i = -168, -3*i + 420 = 20*d - 420. Calculate the greatest common divisor of g and d.
21
Suppose l - 15 + 12 = 0. Suppose 11*t - l*t = 160. What is the greatest common factor of 140 and t?
20
Let d = -223 - -440. Suppose -276 - 239 = -5*t. Let g = t - 72. What is the greatest common factor of g and d?
31
Let c(v) = 4*v**2 + 3*v - 3. Let q = 3 - 7. Let y be c(q). Let t = y - 29. What is the greatest common divisor of 5 and t?
5
Let v = 35 - 59. Let j(y) = -30*y**3 - 2*y**2 - y. Let b be j(-1). Let n = b + v. What is the greatest common factor of 35 and n?
5
Suppose 89*w - 13487 - 19354 = 0. What is the highest common factor of 63 and w?
9
Let m = -37 + 77. Let s = 0 - -50. Suppose -s = 3*i - 8*i. Calculate the greatest common divisor of i and m.
10
Suppose 224*i = 216*i + 1584. Calculate the greatest common factor of i and 22.
22
Let g be 2/(-4)*0 - -2. Let h(n) = n**3 + 8*n**2 + 3*n + 27. Let l be h(-8). Let j be 2/((l/(-15))/((-1)/2)). What is the highest common divisor of g and j?
1
Suppose h + 2*v - 7 - 2 = 0, -10 = -2*h + 4*v. Calculate the highest common divisor of h and 1.
1
Let p = 635 - 370. Let i = -30 - -136. Calculate the greatest common divisor of p and i.
53
Let y(h) = -7*h + 14. Let l be y(-3). Suppose 0 = 33*b - l*b + 14. What is the greatest common divisor of b and 70?
7
Let x be (8/2 - -1)*(-24)/(-40). What is the highest common divisor of 1 and x?
1
Let y = 162 + -88. Let w(o) = -2*o**2 - 8*o + 13. Let k be w(4). Let s = y + k. Calculate the highest common factor of 161 and s.
23
Let q(h) = -h**3 + 23*h**2 + 39*h - 81. Let o be q(24). Calculate the greatest common divisor of 124 and o.
31
Suppose -a + 126 = 7. Suppose m = a - 34. What is the greatest common factor of m and 34?
17
Let v(k) = -k**2 - 5*k - 4. Let d be v(-3). Let q be -963 - (18/d)/3. Let h be (-18)/(-99) + q/(-11). What is the highest common divisor of h and 11?
11
Let c(v) = 43*v - 4. Let a(s) = -21*s + 2. Let p(r) = -7*a(r) - 3*c(r). Let u be p(5). Let n = u + 8. Calculate the greatest common divisor of n and 12.
12
Let z be (288/54)/((-2)/(-15)). Suppose 7*l - z - 30 = 0. What is the highest common divisor of l and 30?
10
Let r = 29 - -8. What is the highest common factor of 481 and r?
37
Let a = 279 - -361. What is the greatest common divisor of 10 and a?
10
Let g = 50 - 30. Calculate the highest common divisor of 4 and g.
4
Suppose -72*c = 1234 - 3106. Suppose -12 + 77 = 5*t. What is the highest common factor of t and c?
13
Let g be (-26)/((-576)/276 + 2). What is the greatest common factor of g and 26?
13
Suppose 0 = 9*w - 3*w - 180. Let y = 40 - 10. Let z be (y/4 + 0)*2. What is the highest common divisor of z and w?
15
Let u = -86 - 29. Let g = u + 166. What is the highest common factor of 17 and g?
17
Let w(x) = x**3 - 10*x**2 + 12*x - 36. Let z be w(9). Let m = 11 - z. What is the highest common factor of 140 and m?
20
Let u = -166 + 222. Calculate the highest common factor of 35 and u.
7
Suppose -3 = 5*x + 7. Let j be (-2 - x)*7/21. Suppose 2*o - 68 = -5*a - j*a, 3*a + 60 = 3*o. What is the greatest common divisor of o and 96?
24
Suppose 0 = 5*c - f - 7, -3*c + 4*f + 12 = c. Suppose 1 = -2*u - c, 5*u = -3*o + 28. What is the greatest common factor of o and 99?
11
Suppose 2*a - 4*i = 270, -3*i = 5*a - 0*i - 610. What is the greatest common divisor of 100 and a?
25
Suppose -1372 + 1449 = b. What is the greatest common factor of b and 88?
11
Suppose 3*l = 4*o + 1, 5*l + 2*o - 25 = -3*o. Suppose -l*a + 4*a - 3 = 0. Let y be (5/(-3))/(a/(-126)). What is the greatest common factor of 10 and y?
10
Suppose -2*f - 3*f + 30 = 0. Suppose -3*x = -u - 23, 3*u + 21 = 4*x - 18. What is the highest common factor of x and f?
6
Let z = -257 + 327. What is the highest common divisor of 40 and z?
10
Suppose 0 = -2*w + 81 - 19. Suppose 4*f + 3*d = 1125, 2*d - 8 = -2. Calculate the greatest common divisor of f and w.
31
Suppose -78 - 34 = -4*p. Calculate the highest common factor of 49 and p.
7
Let s be 0 + -184 + 15/(-5). Let t = s - -262. Let i = t + -5. What is the greatest common factor of i and 14?
14
Let q be 5*(23 - (-7 - 6)). Let b be ((-9)/4)/((-1)/20). Calculate the greatest common divisor of b and q.
45
Let o(d) = -d**2 + 11*d - 17. Let c be o(8). Let q = c - -35. Calculate the highest common factor of 28 and q.
14
Let i(q) be the second derivative of -17*q**3/3 + q**2/2 - 138*q. Let p be (-3)/2*4/6. Let f be i(p). What is the greatest common divisor of 5 and f?
5
Suppose 5*z - 77 = 13. Calculate the greatest common divisor of 1323 and z.
9
Suppose 30 = 3*d + 3*x, -d + 8 = -5*x + 7*x. Calculate the highest common divisor of d and 28.
4
Suppose 2*d - 5*k - 1082 = 0, -3*d + 5*k + 486 = -1147. Calculate the greatest common factor of 95 and d.
19
Suppose 0 = -8*k + 3*k + w + 10, -3*k - 5*w = 22. Let a be -4*(k + 1 - 0). Let h be (-15 - a/2)*-7. What is the highest common divisor of h and 11?
11
Suppose r = -3*r + 172. Suppose -r = -3*z - 1. Calculate the greatest common factor of z and 21.
7
Let o(n) = 2*n**2 + 4*n - 3. Let w be o(3). Let y = 33 - w. What is the highest common divisor of 54 and y?
6
Let m = 20 + -13. Let h be -1 + (3 - 80/(-4)). Let g be (h/(-8))/((-1)/28). Calculate the highest common factor of m and g.
7
Let r(z) = -z**3 + 9*z**2 + 7*z - 31. Let v be r(9). Calculate the highest common divisor of 16 and v.
16
Let k be 2/(-2)*(-6)/(6 + 0). Let n be -1*(-9)/(-2 - k) + 102. Suppose 2*y - 49 = -5*o, -5*o + 4*y + 40 = 9*y. Calculate the greatest common divisor of o and n.
11
Let s(d) = d**2 + 14*d + 10. Let l be s(-16). Suppose 4*g - 2*g - 12 = 0. Calculate t